277
List the prime factors of 429725.
5, 17189
What are the prime factors of 297387?
3, 173, 191
What are the prime factors of 190999?
389, 491
What are the prime factors of 1101540?
2, 3, 5, 11, 1669
What are the prime factors of 920161?
11, 23, 3637
List the prime factors of 434405.
5, 283, 307
List the prime factors of 10572309.
3, 11, 35597
List the prime factors of 1822764.
2, 3, 151897
What are the prime factors of 405299?
405299
What are the prime factors of 931965?
3, 5, 62131
What are the prime factors of 139889?
59, 2371
List the prime factors of 812963.
812963
What are the prime factors of 384150?
2, 3, 5, 13, 197
What are the prime factors of 2219070?
2, 3, 5, 7, 10567
What are the prime factors of 4349113?
4349113
What are the prime factors of 5556143?
5556143
List the prime factors of 1658746.
2, 557, 1489
List the prime factors of 5339931.
3, 19, 93683
List the prime factors of 117754.
2, 7, 13, 647
List the prime factors of 1181585.
5, 17, 13901
List the prime factors of 102018.
2, 3, 7, 347
What are the prime factors of 4887255?
3, 5, 167, 1951
What are the prime factors of 108581?
11, 9871
List the prime factors of 993736.
2, 31, 4007
List the prime factors of 1936433.
1936433
What are the prime factors of 2298549?
3, 11, 69653
List the prime factors of 9970136.
2, 11, 19, 67, 89
What are the prime factors of 81175?
5, 17, 191
What are the prime factors of 278978?
2, 7, 19927
What are the prime factors of 14015523?
3, 1697, 2753
List the prime factors of 1856704.
2, 67, 433
List the prime factors of 1513418.
2, 756709
List the prime factors of 3468635.
5, 693727
List the prime factors of 381583.
163, 2341
List the prime factors of 3121352.
2, 13, 30013
What are the prime factors of 13245411?
3, 971, 4547
What are the prime factors of 453705?
3, 5, 7, 29, 149
What are the prime factors of 282531?
3, 41, 2297
List the prime factors of 589734.
2, 3, 67, 163
What are the prime factors of 3313916?
2, 683, 1213
List the prime factors of 586975.
5, 53, 443
List the prime factors of 1877501.
1877501
What are the prime factors of 301551?
3, 100517
List the prime factors of 239746.
2, 13, 9221
What are the prime factors of 18938653?
29, 653057
List the prime factors of 165740.
2, 5, 8287
What are the prime factors of 992224?
2, 101, 307
List the prime factors of 3895424.
2, 13, 2341
List the prime factors of 766220.
2, 5, 7, 13, 421
List the prime factors of 12025425.
3, 5, 109, 1471
What are the prime factors of 344519?
7, 79, 89
List the prime factors of 970572.
2, 3, 29, 2789
List the prime factors of 6006565.
5, 19, 23, 2749
List the prime factors of 498788.
2, 19, 6563
What are the prime factors of 4128969?
3, 13, 105871
What are the prime factors of 143143?
7, 11, 13
List the prime factors of 7105044.
2, 3, 592087
List the prime factors of 21745264.
2, 53, 25643
List the prime factors of 694084.
2, 73, 2377
What are the prime factors of 1006033?
7, 143719
What are the prime factors of 243926?
2, 121963
What are the prime factors of 14794?
2, 13, 569
List the prime factors of 444137.
31, 14327
List the prime factors of 25745.
5, 19, 271
What are the prime factors of 6094794?
2, 3, 443, 2293
List the prime factors of 5900020.
2, 5, 7, 17, 37, 67
List the prime factors of 1863176.
2, 7, 97
What are the prime factors of 265888?
2, 7, 1187
List the prime factors of 327911.
23, 53, 269
List the prime factors of 33702098.
2, 59, 285611
List the prime factors of 1760041.
79, 22279
List the prime factors of 418637.
418637
What are the prime factors of 368577?
3, 11, 17, 73
What are the prime factors of 35791?
7, 5113
List the prime factors of 1336793.
1336793
List the prime factors of 1645290.
2, 3, 5, 101, 181
What are the prime factors of 1262872?
2, 13, 12143
What are the prime factors of 6492246?
2, 3, 313, 3457
What are the prime factors of 2478653?
2478653
List the prime factors of 261484.
2, 65371
List the prime factors of 2791738.
2, 1395869
List the prime factors of 390183.
3, 83, 1567
List the prime factors of 3174302.
2, 41, 38711
What are the prime factors of 850778?
2, 37, 11497
List the prime factors of 33222026.
2, 16611013
What are the prime factors of 1855936?
2, 47, 617
What are the prime factors of 169689?
3, 13, 19, 229
List the prime factors of 355155.
3, 5, 23677
List the prime factors of 873402.
2, 3, 23, 6329
List the prime factors of 513752.
2, 149, 431
List the prime factors of 1817019.
3, 173, 389
List the prime factors of 305423.
305423
What are the prime factors of 949506?
2, 3, 19, 8329
What are the prime factors of 152363?
152363
List the prime factors of 189175.
5, 7, 23, 47
List the prime factors of 11556060.
2, 3, 5, 192601
List the prime factors of 2593787.
7, 107, 3463
List the prime factors of 134596.
2, 7, 11, 19, 23
What are the prime factors of 603021?
3, 201007
List the prime factors of 4930334.
2, 2465167
List the prime factors of 509253.
3, 169751
List the prime factors of 635548.
2, 59, 2693
List the prime factors of 703861.
703861
What are the prime factors of 2354827?
673, 3499
List the prime factors of 334977.
3, 111659
List the prime factors of 669510.
2, 3, 5, 43, 173
What are the prime factors of 485837?
11, 29, 1523
List the prime factors of 1094123.
1094123
List the prime factors of 19139641.
769, 24889
List the prime factors of 10044620.
2, 5, 17, 31, 953
List the prime factors of 1680577.
37, 53, 857
What are the prime factors of 626927?
7, 89561
List the prime factors of 8273188.
2, 7, 11, 26861
What are the prime factors of 142897?
142897
What are the prime factors of 968194?
2, 29, 16693
What are the prime factors of 16891030?
2, 5, 13, 17, 7643
What are the prime factors of 15182928?
2, 3, 105437
What are the prime factors of 153276?
2, 3, 53, 241
What are the prime factors of 457294?
2, 228647
What are the prime factors of 645477?
3, 7, 4391
List the prime factors of 610855.
5, 7, 31, 563
What are the prime factors of 1090547?
73, 14939
What are the prime factors of 1098364?
2, 274591
What are the prime factors of 54846?
2, 3, 11, 277
List the prime factors of 585686.
2, 97, 3019
What are the prime factors of 970131?
3, 323377
What are the prime factors of 404632?
2, 37, 1367
List the prime factors of 6286773.
3, 2095591
What are the prime factors of 14520549?
3, 59, 82037
What are the prime factors of 4865035?
5, 7, 97, 1433
List the prime factors of 190670.
2, 5, 23, 829
What are the prime factors of 572704?
2, 11, 1627
What are the prime factors of 28574257?
23, 1242359
What are the prime factors of 615903?
3, 239, 859
What are the prime factors of 35473343?
37, 958739
List the prime factors of 366363.
3, 4523
What are the prime factors of 1566173?
7, 37, 6047
What are the prime factors of 5674326?
2, 3, 7, 167, 809
List the prime factors of 675199.
7, 96457
What are the prime factors of 584823?
3, 151, 1291
What are the prime factors of 9484474?
2, 331, 14327
What are the prime factors of 13394433?
3, 13, 29, 911
What are the prime factors of 3269036?
2, 23, 35533
List the prime factors of 115630.
2, 5, 31, 373
List the prime factors of 24323496.
2, 3, 19, 41, 1301
What are the prime factors of 807241?
807241
List the prime factors of 1374594.
2, 3, 13, 17623
What are the prime factors of 4713217?
1801, 2617
What are the prime factors of 259628?
2, 47, 1381
List the prime factors of 99745.
5, 19949
List the prime factors of 9897173.
11, 13, 67, 1033
List the prime factors of 2247941.
2247941
List the prime factors of 8518967.
151, 56417
What are the prime factors of 1045753?
541, 1933
List the prime factors of 1478050.
2, 5, 7, 41, 103
What are the prime factors of 2005924?
2, 61, 8221
List the prime factors of 4310981.
37, 47, 67
List the prime factors of 1475107.
17, 86771
List the prime factors of 479781.
3, 53309
List the prime factors of 1273277.
47, 27091
What are the prime factors of 5355003?
3, 1785001
List the prime factors of 173265.
3, 5, 11551
What are the prime factors of 512216?
2, 43, 1489
What are the prime factors of 6589020?
2, 3, 5, 193, 569
List the prime factors of 7201737.
3, 23, 11597
What are the prime factors of 3698843?
17, 217579
What are the prime factors of 312758?
2, 353, 443
What are the prime factors of 381850?
2, 5, 7, 1091
What are the pr